s divided by 2.
1
Calculate the remainder when 915 is divided by 34.
31
Calculate the remainder when 312 is divided by 52.
0
What is the remainder when 670 is divided by 97?
88
Calculate the remainder when 246 is divided by 13.
12
What is the remainder when 3473 is divided by 25?
23
What is the remainder when 23 is divided by 18?
5
Calculate the remainder when 178 is divided by 6.
4
Calculate the remainder when 180 is divided by 92.
88
What is the remainder when 4688 is divided by 277?
256
What is the remainder when 1086 is divided by 121?
118
Calculate the remainder when 241 is divided by 167.
74
Calculate the remainder when 25 is divided by 9.
7
What is the remainder when 460 is divided by 33?
31
What is the remainder when 25197 is divided by 48?
45
Calculate the remainder when 619 is divided by 78.
73
Calculate the remainder when 77 is divided by 11.
0
What is the remainder when 51 is divided by 26?
25
What is the remainder when 157 is divided by 78?
1
What is the remainder when 295 is divided by 74?
73
What is the remainder when 52 is divided by 18?
16
What is the remainder when 494 is divided by 45?
44
What is the remainder when 4298 is divided by 215?
213
What is the remainder when 77 is divided by 9?
5
What is the remainder when 315 is divided by 102?
9
Calculate the remainder when 629 is divided by 190.
59
Calculate the remainder when 351 is divided by 86.
7
What is the remainder when 16 is divided by 14?
2
Calculate the remainder when 737 is divided by 33.
11
What is the remainder when 807 is divided by 135?
132
What is the remainder when 816 is divided by 139?
121
What is the remainder when 4908 is divided by 27?
21
What is the remainder when 532 is divided by 260?
12
What is the remainder when 96 is divided by 10?
6
What is the remainder when 14 is divided by 14?
0
Calculate the remainder when 788 is divided by 42.
32
What is the remainder when 728 is divided by 43?
40
Calculate the remainder when 282 is divided by 128.
26
What is the remainder when 160 is divided by 49?
13
What is the remainder when 1717 is divided by 18?
7
Calculate the remainder when 2155 is divided by 2.
1
Calculate the remainder when 983 is divided by 90.
83
Calculate the remainder when 63 is divided by 24.
15
What is the remainder when 52 is divided by 24?
4
Calculate the remainder when 13414 is divided by 86.
84
What is the remainder when 887 is divided by 38?
13
Calculate the remainder when 206 is divided by 75.
56
Calculate the remainder when 4156 is divided by 42.
40
What is the remainder when 4046 is divided by 19?
18
Calculate the remainder when 674 is divided by 93.
23
Calculate the remainder when 40 is divided by 26.
14
Calculate the remainder when 941 is divided by 354.
233
Calculate the remainder when 28555 is divided by 20.
15
Calculate the remainder when 2342 is divided by 67.
64
Calculate the remainder when 3995 is divided by 174.
167
What is the remainder when 156 is divided by 10?
6
What is the remainder when 113 is divided by 30?
23
What is the remainder when 136 is divided by 79?
57
Calculate the remainder when 227 is divided by 8.
3
Calculate the remainder when 202 is divided by 100.
2
Calculate the remainder when 345 is divided by 42.
9
What is the remainder when 609 is divided by 136?
65
What is the remainder when 148 is divided by 53?
42
Calculate the remainder when 473 is divided by 68.
65
Calculate the remainder when 919 is divided by 92.
91
What is the remainder when 519 is divided by 132?
123
Calculate the remainder when 269 is divided by 32.
13
What is the remainder when 364 is divided by 12?
4
Calculate the remainder when 271 is divided by 127.
17
What is the remainder when 477 is divided by 234?
9
What is the remainder when 3017 is divided by 1004?
5
What is the remainder when 765 is divided by 64?
61
Calculate the remainder when 999 is divided by 923.
76
Calculate the remainder when 209 is divided by 35.
34
Calculate the remainder when 100 is divided by 21.
16
What is the remainder when 223 is divided by 22?
3
What is the remainder when 1443 is divided by 55?
13
Calculate the remainder when 226 is divided by 103.
20
What is the remainder when 134 is divided by 47?
40
What is the remainder when 1122 is divided by 240?
162
Calculate the remainder when 179 is divided by 37.
31
What is the remainder when 4181 is divided by 34?
33
What is the remainder when 141 is divided by 18?
15
Calculate the remainder when 236 is divided by 45.
11
What is the remainder when 1558 is divided by 200?
158
What is the remainder when 178 is divided by 10?
8
Calculate the remainder when 455 is divided by 76.
75
Calculate the remainder when 335 is divided by 18.
11
What is the remainder when 617 is divided by 30?
17
Calculate the remainder when 873 is divided by 125.
123
Calculate the remainder when 259 is divided by 129.
1
Calculate the remainder when 206 is divided by 14.
10
Calculate the remainder when 626 is divided by 333.
293
What is the remainder when 2751 is divided by 16?
15
Calculate the remainder when 696 is divided by 32.
24
Calculate the remainder when 8048 is divided by 83.
80
Calculate the remainder when 268 is divided by 17.
13
Calculate the remainder when 228 is divided by 111.
6
What is the remainder when 51 is divided by 20?
11
Calculate the remainder when 184 is divided by 49.
37
What is the remainder when 715 is divided by 60?
55
Calculate the remainder when 1621 is divided by 8.
5
What is the remainder when 476 is divided by 97?
88
Calculate the remainder when 822 is divided by 55.
52
Calculate the remainder when 134 is divided by 63.
8
What is the remainder when 446 is divided by 24?
14
Calculate the remainder when 39 is divided by 20.
19
What is the remainder when 204 is divided by 203?
1
Calculate the remainder when 142 is divided by 22.
10
What is the remainder when 43 is divided by 9?
7
What is the remainder when 77 is divided by 12?
5
What is the remainder when 153 is divided by 87?
66
What is the remainder when 15013 is divided by 55?
53
Calculate the remainder when 103 is divided by 15.
13
What is the remainder when 417 is divided by 105?
102
Calculate the remainder when 1702 is divided by 340.
2
Calculate the remainder when 2224 is divided by 21.
19
What is the remainder when 18 is divided by 2?
0
Calculate the remainder when 33 is divided by 23.
10
What is the remainder when 1020 is divided by 146?
144
What is the remainder when 121 is divided by 14?
9
Calculate the remainder when 713 is divided by 80.
73
What is the remainder when 1089 is divided by 14?
11
What is the remainder when 83 is divided by 22?
17
What is the remainder when 141 is divided by 18?
15
Calculate the remainder when 92 is divided by 13.
1
What is the remainder when 88 is divided by 7?
4
What is the remainder when 584 is divided by 65?
64
What is the remainder when 2745 is divided by 41?
39
What is the remainder when 47 is divided by 18?
11
Calculate the remainder when 246 is divided by 15.
6
Calculate the remainder when 3418 is divided by 118.
114
Calculate the remainder when 275 is divided by 39.
2
Calculate the remainder when 79 is divided by 57.
22
Calculate the remainder when 1114 is divided by 140.
134
Calculate the remainder when 179 is divided by 18.
17
Calculate the remainder when 74 is divided by 12.
2
Calculate the remainder when 273 is divided by 46.
43
Calculate the remainder when 76 is divided by 39.
37
What is the remainder when 203 is divided by 51?
50
Calculate the remainder when 456 is divided by 31.
22
What is the remainder when 2388 is divided by 398?
0
Calculate the remainder when 1028 is divided by 21.
20
Calculate the remainder when 177 is divided by 93.
84
What is the remainder when 388 is divided by 146?
96
Calculate the remainder when 442 is divided by 23.
5
What is the remainder when 76 is divided by 65?
11
What is the remainder when 97 is divided by 50?
47
Calculate the remainder when 203 is divided by 34.
33
What is the remainder when 205 is divided by 115?
90
Calculate the remainder when 2369 is divided by 15.
14
What is the remainder when 134 is divided by 60?
14
What is the remainder when 53 is divided by 27?
26
Calculate the remainder when 24350 is divided by 54.
50
Calculate the remainder when 149 is divided by 14.
9
